divide 578?
False
Is 4 a factor of 199?
False
Is 469 a multiple of 39?
False
Is 2075 a multiple of 31?
False
Is 884 a multiple of 4?
True
Does 100 divide 2762?
False
Is 4 a factor of 723?
False
Is 2140 a multiple of 26?
False
Is 31 a factor of 1028?
False
Is 68 a factor of 10465?
False
Does 3 divide 490?
False
Does 6 divide 212?
False
Is 23 a factor of 874?
True
Is 119426 a multiple of 8?
False
Is 34960 a multiple of 40?
True
Is 11 a factor of 1064?
False
Is 744 a multiple of 93?
True
Is 20988 a multiple of 92?
False
Is 11 a factor of 18139?
True
Is 17523 a multiple of 59?
True
Is 2585 a multiple of 33?
False
Does 18 divide 432?
True
Is 368 a multiple of 16?
True
Does 57 divide 1539?
True
Is 31 a factor of 4727?
False
Does 42 divide 917?
False
Is 23 a factor of 11868?
True
Does 7 divide 2494?
False
Does 13 divide 1385?
False
Does 6 divide 4276?
False
Does 32 divide 352?
True
Does 11 divide 1108?
False
Is 15985 a multiple of 217?
False
Is 158 a factor of 7019?
False
Is 14 a factor of 462?
True
Does 114 divide 2140?
False
Is 4336 a multiple of 13?
False
Is 1116 a multiple of 31?
True
Is 93 a factor of 38332?
False
Is 43604 a multiple of 14?
False
Does 23 divide 26404?
True
Is 1740 a multiple of 13?
False
Is 17 a factor of 61151?
False
Is 19 a factor of 2831?
True
Does 6 divide 3174?
True
Does 52 divide 1997?
False
Is 8903 a multiple of 14?
False
Is 599 a multiple of 59?
False
Does 30 divide 30?
True
Does 6 divide 178?
False
Is 17451 a multiple of 21?
True
Does 29 divide 833?
False
Is 15 a factor of 20475?
True
Does 87 divide 12789?
True
Is 425 a multiple of 6?
False
Is 7676 a multiple of 101?
True
Does 20 divide 108440?
True
Is 3762 a multiple of 57?
True
Does 62 divide 36642?
True
Is 37 a factor of 1517?
True
Does 15 divide 26355?
True
Is 181 a multiple of 47?
False
Is 11 a factor of 97988?
True
Is 7 a factor of 11240?
False
Is 2 a factor of 1663?
False
Is 5 a factor of 3010?
True
Is 5695 a multiple of 19?
False
Is 36078 a multiple of 14?
True
Is 73 a factor of 987?
False
Does 29 divide 1913?
False
Is 33819 a multiple of 248?
False
Is 25 a factor of 106?
False
Is 33 a factor of 1071?
False
Is 9 a factor of 284?
False
Is 1932 a multiple of 84?
True
Is 375 a multiple of 5?
True
Is 216 a multiple of 8?
True
Is 15078 a multiple of 51?
False
Does 13 divide 720?
False
Is 210 a multiple of 10?
True
Does 64 divide 832?
True
Is 44 a factor of 9611?
False
Is 13 a factor of 1157?
True
Is 10794 a multiple of 14?
True
Is 9400 a multiple of 50?
True
Is 25 a factor of 414?
False
Is 546 a multiple of 3?
True
Does 65 divide 24765?
True
Is 33285 a multiple of 105?
True
Is 30 a factor of 8450?
False
Is 103 a factor of 109901?
True
Is 31960 a multiple of 3?
False
Does 47 divide 2021?
True
Does 7 divide 1568?
True
Does 31 divide 325?
False
Does 24 divide 31692?
False
Is 23291 a multiple of 227?
False
Does 35 divide 35?
True
Is 12819 a multiple of 11?
False
Does 20 divide 64220?
True
Does 25 divide 537?
False
Is 4092 a multiple of 51?
False
Is 186 a multiple of 9?
False
Is 37 a factor of 15910?
True
Is 405 a multiple of 31?
False
Does 15 divide 1489?
False
Does 19 divide 4598?
True
Is 4848 a multiple of 101?
True
Is 479 a multiple of 13?
False
Is 26840 a multiple of 44?
True
Does 10 divide 6522?
False
Is 2440 a multiple of 61?
True
Is 5 a factor of 2005?
True
Is 170 a factor of 860?
False
Is 2448 a multiple of 3?
True
Is 25546 a multiple of 26?
False
Is 1082 a multiple of 7?
False
Is 65 a factor of 1837?
False
Is 514 a factor of 26005?
False
Does 144 divide 24012?
False
Is 2588 a multiple of 104?
False
Is 1554 a multiple of 16?
False
Is 28 a factor of 1064?
True
Is 14 a factor of 461?
False
Is 1304 a multiple of 8?
True
Is 7075 a multiple of 25?
True
Is 4 a factor of 41628?
True
Is 14 a factor of 278?
False
Is 50 a factor of 9164?
False
Is 5840 a multiple of 80?
True
Is 20 a factor of 13541?
False
Does 62 divide 9055?
False
Is 10686 a multiple of 26?
True
Is 11040 a multiple of 92?
True
Is 9 a factor of 1341?
True
Is 10 a factor of 361?
False
Is 2 a factor of 11141?
False
Is 11 a factor of 23738?
True
Is 193 a factor of 65782?
False
Does 26 divide 277?
False
Is 1169 a multiple of 19?
False
Does 12 divide 2025?
False
Is 1461 a multiple of 62?
False
Is 560 a multiple of 70?
True
Is 28914 a multiple of 183?
True
Is 25389 a multiple of 88?
False
Is 1582 a multiple of 7?
True
Is 14 a factor of 322?
True
Does 27 divide 714?
False
Is 576 a multiple of 38?
False
Is 31198 a multiple of 279?
False
Does 12 divide 1826?
False
Is 59 a factor of 19488?
False
Is 6 a factor of 538?
False
Is 456 a multiple of 5?
False
Is 95 a factor of 1045?
True
Is 49 a factor of 7742?
True
Does 8 divide 313?
False
Does 41 divide 385?
False
Does 9 divide 20637?
True
Does 101 divide 50931?
False
Is 1394 even?
True
Is 12 a factor of 2100?
True
Is 135 a multiple of 5?
True
Is 2792 a multiple of 4?
True
Is 577 a multiple of 11?
False
Does 10 divide 222?
False
Is 9 a factor of 1140?
False
Is 2 a factor of 101?
False
Is 5518 a multiple of 89?
True
Is 1262 a multiple of 2?
True
Is 312 a multiple of 12?
True
Is 19176 a multiple of 7?
False
Is 6513 a multiple of 3?
True
Is 472 a multiple of 44?
False
Is 53 a factor of 1219?
True
Does 29 divide 3973?
True
Is 45 a multiple of 2?
False
Is 3801 a multiple of 181?
True
Is 2 a factor of 214?
True
Is 4485 a multiple of 3?
True
Is 36 a factor of 86508?
True
Is 78 a factor of 1248?
True
Is 1932 a multiple of 28?
True
Is 88 a factor of 946?
False
Does 8 divide 11913?
False
Is 91127 a multiple of 27?
False
Is 66 a factor of 10692?
True
Does 4 divide 3716?
True
Does 82 divide 1394?
True
Does 79 divide 5350?
False
Does 21 divide 588?
True
Is 403 a multiple of 23?
False
Is 9852 a multiple of 6?
True
Does 10 divide 11555?
False
Does 11 divide 350?
False
Does 10 divide 3150?
True
Does 95 divide 38789?
False
Is 595 a multiple of 11?
False
Is 336 a multiple of 28?
True
Does 2 divide 5094?
True
Is 25749 a multiple of 22?
False
Is 130 a factor of 55120?
True
Does 29 divide 447?
False
Is 1690 a multiple of 86?
False
Does 57 divide 3330?
False
Is 61 a factor of 3209?
False
Is 84 a factor of 2113?
False
Is 27 a factor of 1053?
True
Is 11 a factor of 275?
True
Is 35 a factor of 735?
True
Is 28 a factor of 225?
False
Does 27 divide 27578?
False
Is 37108 a multiple of 21?
False
Is 31 a factor of 41834?
False
Does 2 divide 607?
False
Does 5 divide 45581?
False
Is 42275 a multiple of 31?
False
Does 2 divide 341?
False
Is 6567 a multiple of 10?
False
Is 14 a factor of 74?
False
Is 40 a factor of 11160?
True
Is 140 a factor of 3673?
False
Is 6 a factor of 1380?
True
Does 11 divide 737?
True
Is 53527 a multiple of 85?
False
Is 56 a factor of 4480?
True
Is 2788 a multiple of 10?
False
Does 6 divide 324?
True
Does 20 divide 758?
False
Is 8482 a multiple of 19?
False
Is 4535 a multiple of 123?
False
Is 19043 a multiple of 139?
True
Does 54 divide 49410?
True
Does 30 divide 38220?
True
Does 35 divide 2685?
False
Does 72 divide 24140?
False
Is 8008 a multiple of 77?
True
Is 1836 a multiple of 34?
True
Does 6 divide 1996?
False
Is 13 a factor of 2158?
True
Does 47 divide 611?
True
Is 16656 a multiple of 41?
False
Is 1056 a multiple of 22?
True
Does 24 divide 336?
True
Is 9 a factor of 2470?
False
Is 4692 a multiple of 16?
False
Does 5 divide 49605?
True
Is 3686 a multiple of 21?
False
Is 9809 a multiple of 83?
False
Is 172 a factor of 4472?
True
Does 11 divide 12565?
False
Is 1229 a multiple of 48?
False
Does 4 divide 224?
True
Is 2 a factor of 529?
False
Is 34 a factor of 185?
False
Is 108 a factor of 3672?
True
Does 189 divide 4158?
True
Is 1599 a multiple of 41?
True
Is 504 a multiple of 38?
False
Is 19 a factor of 30020?
True
Does 80 divide 303?
False
Is 4 a factor of 1628?
True
Is 15943 a multiple of 2?
False
Is 2912 a multiple of 32?
True
Is 765 a multiple of 6?
False
Does 17 divide 149?
False
Is 2223 a multiple of 19?
True
Does 3 divide 7986?
True
Does 81 divide 5055?
False
Is 1236 a multiple of 6?
True
Does 68 divide 1224?
True
Does 17 divide 1205?
False
Does 17 divide 306?
True
Is 17 a factor of 238?
True
Is 13 a factor of 736?
False
Is 628 a multiple of 3?
False
Is 62 a factor of 53871?
False
Does 9 divide 655?
False
Is 12850 a multiple of 22?
False
Does 23 divide 2875?
True
Is 